 607, 1723
List the prime factors of 159041270.
2, 5, 103, 154409
What are the prime factors of 328303153?
367, 894559
What are the prime factors of 26858693?
4283, 6271
List the prime factors of 4174795260.
2, 3, 5, 23193307
List the prime factors of 120093777.
3, 103, 353, 367
What are the prime factors of 248308195?
5, 83, 598333
List the prime factors of 49949443.
49949443
What are the prime factors of 246289103?
149, 1652947
What are the prime factors of 210127452?
2, 3, 17510621
List the prime factors of 869877799.
7, 124268257
List the prime factors of 241919406.
2, 3, 4479989
What are the prime factors of 335907166?
2, 7, 1627, 14747
List the prime factors of 2567247867.
3, 53, 73, 73727
What are the prime factors of 169300157?
13, 47, 277087
What are the prime factors of 142147460?
2, 5, 7, 13, 83, 941
What are the prime factors of 802428580?
2, 5, 40121429
List the prime factors of 446879131.
41, 10899491
What are the prime factors of 120494344?
2, 103, 349, 419
List the prime factors of 25070037.
3, 8356679
List the prime factors of 19658504.
2, 389, 6317
What are the prime factors of 1411559334?
2, 3, 17, 239, 19301
List the prime factors of 4881557159.
19, 711701
List the prime factors of 188417331.
3, 3821, 5479
What are the prime factors of 45319971?
3, 1741, 8677
What are the prime factors of 167682280?
2, 5, 157, 26701
List the prime factors of 19099211.
17, 1123483
List the prime factors of 3701550825.
3, 5, 7, 167, 4691
What are the prime factors of 244521867?
3, 7753, 10513
What are the prime factors of 631716056?
2, 17, 4644971
List the prime factors of 3363863441.
3363863441
What are the prime factors of 281477336?
2, 7, 5026381
List the prime factors of 1544376.
2, 3, 229, 281
What are the prime factors of 1647749606?
2, 823874803
What are the prime factors of 12447983?
19, 655157
List the prime factors of 1038459628.
2, 259614907
What are the prime factors of 874759221?
3, 7, 19, 104399
What are the prime factors of 45642899?
45642899
List the prime factors of 52933918.
2, 1667, 15877
List the prime factors of 384631917.
3, 337, 380447
What are the prime factors of 1057770251?
31, 89, 151, 2539
List the prime factors of 72978013.
2707, 26959
List the prime factors of 8409842.
2, 7, 600703
What are the prime factors of 43777435?
5, 13, 673499
List the prime factors of 355975738.
2, 23, 79, 4259
List the prime factors of 211826433.
3, 7, 13, 769, 1009
What are the prime factors of 72759714?
2, 3, 12126619
List the prime factors of 471489003.
3, 1231, 42557
List the prime factors of 343442315.
5, 68688463
List the prime factors of 60337793.
60337793
What are the prime factors of 388267150?
2, 5, 7765343
What are the prime factors of 569959713?
3, 1949, 10831
What are the prime factors of 65524278?
2, 3, 647, 16879
What are the prime factors of 84276962?
2, 7, 11, 78179
What are the prime factors of 272515317?
3, 90838439
List the prime factors of 5931701234.
2, 17, 174461801
What are the prime factors of 225441236?
2, 56360309
What are the prime factors of 200511478?
2, 100255739
What are the prime factors of 37749416?
2, 29, 162713
List the prime factors of 104840264.
2, 31, 73, 5791
What are the prime factors of 147324297?
3, 49108099
What are the prime factors of 143337868?
2, 1031, 34757
What are the prime factors of 6349562893?
6349562893
List the prime factors of 4915067534.
2, 13, 189041059
What are the prime factors of 261829808?
2, 83, 197161
List the prime factors of 78443503.
2273, 34511
List the prime factors of 756885973.
73, 10368301
What are the prime factors of 41515219?
41515219
What are the prime factors of 716502514?
2, 7, 13, 3936827
What are the prime factors of 472666371?
3, 10289, 15313
What are the prime factors of 144431454?
2, 3, 83, 290023
What are the prime factors of 518745530?
2, 5, 41, 1265233
List the prime factors of 8050491345.
3, 5, 13, 167, 233, 1061
What are the prime factors of 1194795958?
2, 597397979
List the prime factors of 3136827780.
2, 3, 5, 17426821
List the prime factors of 37541420.
2, 5, 7, 268153
List the prime factors of 25743105.
3, 5, 572069
List the prime factors of 871996812.
2, 3, 173, 420037
List the prime factors of 103346168.
2, 19, 679909
What are the prime factors of 2321544078?
2, 3, 7, 2047217
What are the prime factors of 174043659?
3, 3733, 15541
What are the prime factors of 751422158?
2, 7853, 47843
List the prime factors of 46991793.
3, 103, 152077
List the prime factors of 318317811.
3, 7, 19, 383, 2083
List the prime factors of 86291352.
2, 3, 7, 31, 263
List the prime factors of 848637937.
7, 71, 1707521
What are the prime factors of 162300485?
5, 131, 149, 1663
What are the prime factors of 64687322?
2, 7, 37, 47, 2657
What are the prime factors of 141764101?
41, 263, 13147
What are the prime factors of 15319673?
31, 331, 1493
What are the prime factors of 749535735?
3, 5, 13, 3843773
What are the prime factors of 524938711?
11, 43, 983, 1129
What are the prime factors of 4171747410?
2, 3, 5, 37, 1252777
What are the prime factors of 3218210244?
2, 3, 53, 562231
List the prime factors of 150812465.
5, 647, 46619
List the prime factors of 42991317.
3, 17, 3469
List the prime factors of 103000219.
7, 1091, 13487
What are the prime factors of 289183451?
289183451
List the prime factors of 676932328.
2, 84616541
What are the prime factors of 6150956458?
2, 47, 65435707
List the prime factors of 432930018.
2, 3, 431, 167413
What are the prime factors of 113587047?
3, 7, 17, 109, 139
List the prime factors of 137649372.
2, 3, 7, 1638683
What are the prime factors of 4237347078?
2, 3, 37, 59, 107837
What are the prime factors of 186382862?
2, 93191431
What are the prime factors of 20366957?
13, 619, 2531
What are the prime factors of 264703527?
3, 11, 23, 101, 1151
What are the prime factors of 62843260?
2, 5, 19, 59, 2803
What are the prime factors of 666903534?
2, 3, 11, 19, 531821
What are the prime factors of 7340560?
2, 5, 91757
What are the prime factors of 55782515?
5, 29, 311, 1237
What are the prime factors of 1828009528?
2, 2557, 89363
What are the prime factors of 755847235?
5, 11, 13, 1057129
What are the prime factors of 3995281?
3995281
What are the prime factors of 193810201?
13, 137, 108821
List the prime factors of 283702734.
2, 3, 7, 43, 52363
List the prime factors of 65109506.
2, 7, 11, 422789
What are the prime factors of 394780009?
13, 31, 97, 10099
What are the prime factors of 1502912728?
2, 41, 4582051
List the prime factors of 25649027.
43, 596489
List the prime factors of 401092886.
2, 200546443
What are the prime factors of 671152310?
2, 5, 269, 249499
What are the prime factors of 991432495?
5, 198286499
What are the prime factors of 340427757?
3, 421, 269539
List the prime factors of 911551359.
3, 173, 1756361
List the prime factors of 13073467.
11, 263, 4519
List the prime factors of 26015034.
2, 3, 211, 20549
List the prime factors of 189425818.
2, 94712909
List the prime factors of 91946621.
13, 269, 26293
What are the prime factors of 67859532?
2, 3, 13, 16111
What are the prime factors of 43121875?
5, 13799
What are the prime factors of 48168276?
2, 3, 13, 17, 41, 443
List the prime factors of 1598428322.
2, 29, 27559109
List the prime factors of 6010496.
2, 46957
List the prime factors of 79467476.
2, 11, 113, 1453
What are the prime factors of 184739579?
184739579
What are the prime factors of 371853240?
2, 3, 5, 11, 17, 73, 227
List the prime factors of 26194376.
2, 13, 61, 4129
List the prime factors of 37216725.
3, 5, 7, 13, 19, 41
List the prime factors of 6939609251.
35419, 195929
List the prime factors of 163222212.
2, 3, 13601851
List the prime factors of 192207969.
3, 29, 736429
List the prime factors of 1586051172.
2, 3, 317, 46327
What are the prime factors of 77541277?
11, 640837
List the prime factors of 17650845.
3, 5, 17, 7691
What are the prime factors of 4449213406?
2, 11, 6073, 33301
List the prime factors of 5608869.
3, 7, 89, 3001
List the prime factors of 407863839.
3, 37, 227, 16187
What are the prime factors of 49701548?
2, 13, 73523
What are the prime factors of 2755358348?
2, 688839587
List the prime factors of 729129584.
2, 61, 103, 7253
List the prime factors of 2804464268.
2, 701116067
What 